(z) = -z**2 - 10*z + 4. Let i be m(s). Calculate the highest common factor of i and 13.
13
Let y be (2/(-1))/((-4)/(-362) - 0). Let f = y + 205. Suppose 9 = 5*x - 2*x. Calculate the greatest common divisor of f and x.
3
Let t be 6/(-12)*(21 + 1). Let n = 16 + t. Let x be -2*(-1)/(-2) + n. What is the highest common factor of 4 and x?
4
Suppose -10*b + 1503 - 753 = 0. What is the highest common divisor of b and 2325?
75
Let b be (-7)/(-42) - 278/12. Let o = b - -27. Suppose -h + 49 = 4*n, -n = 2*n + o*h - 27. What is the greatest common divisor of 13 and n?
13
Suppose i - 2*i - 257 = -2*v, -5*v + 637 = 3*i. Suppose -3*r + 5*f = -61, -r - 5*f = 3*r - v. Calculate the highest common divisor of 54 and r.
27
Let d be (1 - -1)/2 + 14. Let j = -1016 + 1136. What is the highest common factor of j and d?
15
Let j be (-29)/3 - 6/(-9). Let w = j - -9. Let l be -30*(w - 8/12). What is the highest common divisor of 220 and l?
20
Suppose 62 = 3*t + 17. Let z(f) = f**3 - f**2 + 130. Let q be z(0). Let y = q + -85. What is the greatest common factor of y and t?
15
Let m be (-8)/44 - (-24)/11. Let c(u) = -6*u - 32. Suppose 12 = -y - 4*k, k = 5*y - 3*y + 15. Let z be c(y). What is the highest common factor of z and m?
2
Suppose 34 = 2*i + u - 65, 5*u = i - 33. What is the highest common factor of i and 144?
48
Suppose -12*d - 4*f = -17*d + 63, -42 = -9*d - 3*f. Let k be ((-6)/4)/((-6)/32). Let u = 15 - k. Calculate the highest common factor of d and u.
7
Suppose 10*n - 144 = 7*n. Let q(b) = -b**3 + 11*b**2 + 16*b + 12. Let l be q(12). What is the greatest common factor of l and n?
12
Suppose 0 = 3*j + 5*n - 209, 4*n + n = 5. Let a be (-4)/34 + 76/j. Let c = 12 - a. Calculate the highest common factor of c and 55.
11
Let b be -2 - (16/(-2) - -2). Let j = 8 - 0. What is the greatest common factor of j and b?
4
Let g = 40 + -33. Suppose 10 = -g*f + 8*f. What is the greatest common factor of 4 and f?
2
Let f = 205 - 130. Let l = -42 + f. Calculate the greatest common divisor of l and 55.
11
Let l(u) = u**3 - 17*u**2 + 3*u + 43. Let w be l(17). What is the highest common divisor of w and 141?
47
Suppose 10 = -2*b, 2*b - 53 = 2*t - t. Let n = t + 125. What is the greatest common divisor of 155 and n?
31
Suppose 5*o + 330 = -205. Let s = o + 185. Suppose -p + 2*p = 3*r - s, 0 = -r + p + 24. What is the greatest common factor of r and 9?
9
Let v = -19 - -16. Let l be -1 + v/(-6)*10. Suppose l*p + 3 = 7. Calculate the greatest common divisor of 8 and p.
1
Let b = 2 - -18. Let p be ((-2)/(-4))/(10/b). Let o(a) = -2*a - 6. Let x be o(-4). Calculate the highest common factor of x and p.
1
Suppose 8400 = 775*k - 768*k. Calculate the highest common factor of 24 and k.
24
Suppose -8*w + 716 = 212. Let d be 30/4 + (-2)/4. Calculate the highest common factor of w and d.
7
Let o(l) = -l**3 - 4*l**2 - 9. Let p be o(-4). Let k(u) = u**2 + 7*u + 6. Let t be k(p). What is the greatest common divisor of t and 16?
8
Let q(u) = -u**3 + 5*u**2 - 4*u + 5. Let w be q(3). Let j = 17 - w. Calculate the highest common divisor of 9 and j.
3
Let h(p) = p**2 - 3*p - 3. Let v be h(5). Let k(q) = -q**2 + 19*q + 67. Let c be k(22). What is the highest common factor of v and c?
1
Let x(b) = 28*b**2 - 4*b - 4. Let c be x(-1). Calculate the greatest common factor of c and 588.
28
Suppose 0 = o - 0*o. Suppose o = 3*r + 2*g - 649, -r + 208 = 5*g + 9. Let x = r - 131. Calculate the highest common divisor of 8 and x.
8
Let n(o) be the second derivative of -o**4/12 - 4*o**3/3 - 3*o. Let z = -5 - -1. Let v be n(z). Calculate the highest common divisor of 64 and v.
16
Suppose 6*p - 64 = 5*p. Let k = p - 23. What is the greatest common factor of k and 164?
41
Suppose -21 = -3*u + 3. Suppose -u*i + 5*i + 81 = 0. Calculate the greatest common factor of 9 and i.
9
Let x be 40/(-6)*(-33)/44 + 3. Calculate the highest common divisor of x and 56.
8
Let m(f) = -2*f**2 - 73*f + 60. Let z be m(-24). Calculate the greatest common factor of 120 and z.
60
Let k(o) = -11*o + 129. Let a be k(9). What is the highest common factor of a and 210?
30
Suppose -123 = -7*f + 171. Calculate the greatest common factor of 147 and f.
21
Let z be -14*(-1 - (-2)/(-4)) + -1. Suppose -40 - z = -d. Let w be -1 + 26*2/4. What is the greatest common factor of d and w?
12
Let d(b) = -b + 1. Let k be d(-1). Suppose k*j + 3*j - 25 = 0. Let y = -50 + 85. What is the highest common factor of j and y?
5
Let f(n) = 9*n**2 - n + 4. Let z be f(-3). Let u = 103 - 95. What is the highest common divisor of u and z?
8
Suppose -4*h + 6*s + 793 = s, 0 = -5*h - 4*s + 940. Suppose 40 = -h*l + 194*l. Calculate the highest common factor of 200 and l.
20
Let f = 193 - 119. Suppose m = -2*p + 103, m + f = p - 3*m. What is the greatest common factor of 6 and p?
6
Let g(b) = 2*b**3 - 5*b**2 + 4. Let q be g(2). Let t be (-400)/(-4) + q + -4. Calculate the highest common divisor of t and 12.
12
Let h be -1 + ((-2)/(-6))/(2/300). Calculate the highest common divisor of 392 and h.
49
Suppose -1707 = -19*l + 269. What is the highest common divisor of 143 and l?
13
Let b = 10 + 0. Let m be 128/48 + 2/(-3). Suppose 6*u = m*u + 40. What is the highest common factor of b and u?
10
Let i(y) = y**2 - 3*y - 8. Let n be i(5). Suppose 41 = n*x + 31. Calculate the greatest common divisor of x and 10.
5
Suppose d - y - 11 = -4*y, 0 = -2*d - 2*y + 14. Suppose d*v - 7*v = -104. Let c be (-8)/(3 - v/16). Calculate the greatest common factor of c and 4.
4
Let r(a) = -a**3 - 2*a**2 - 2*a + 15. Let o be r(0). Let x = 102 + o. What is the highest common factor of x and 9?
9
Suppose j - 6*j - 5 = -5*t, -2*j = -10. Calculate the highest common divisor of 16 and t.
2
Suppose 2*y - 2*x = -2*y + 38, -5*y - 2*x = -43. Let s(v) = -1 + 4*v - 5 + y. Let u be s(12). What is the highest common factor of 17 and u?
17
Let o(l) = 90*l + 458. Let z be o(-5). What is the greatest common divisor of z and 12?
4
Suppose 2*y + 0 = -2*k + 50, -5*k = -2*y - 153. Let b = k - -3. Calculate the highest common factor of b and 4.
4
Let u be (-24 - -4)*(-168)/60. What is the highest common divisor of 196 and u?
28
Let n = -62 + 94. Let s be (-8)/6*(-2 + -1). Calculate the greatest common factor of n and s.
4
Suppose 120 = 6*p + 14*p. What is the greatest common divisor of 6 and p?
6
Suppose -4*w = -7*w + 12. Suppose w*a - 140 = -0*a - 4*j, -4*a + 122 = -2*j. Calculate the highest common factor of a and 48.
16
Let b(z) = -25*z + 75. Let p be b(-3). What is the greatest common divisor of 50 and p?
50
Suppose l + 2*v - 150 = 0, 4*l - 125*v + 124*v - 645 = 0. Calculate the highest common factor of l and 360.
40
Suppose -4*y - 2*m + 5*m = -75, -y + 2*m + 15 = 0. Suppose 108 = -y*j + 24*j. Calculate the greatest common factor of j and 48.
12
Let c = 7696 - 7687. Suppose 4*h - 10 = -h. Suppose v - h*s = 47, -5*s - 50 = -v - 0*s. Calculate the greatest common factor of c and v.
9
Let a = -112 - -211. Calculate the highest common factor of a and 11.
11
Let b(y) = y**2 + 12*y - 15. Let j be b(-14). Suppose -j*u + 44 = -9*u. Calculate the greatest common factor of 99 and u.
11
Let g = 36 + -62. Let z = g + 68. Let k = 22 + 6. What is the highest common divisor of z and k?
14
Suppose -3*h - 132 = -4*b, h + 57 = 4*b - 83. Suppose 0*q + q = -b. Let c be ((-13)/((-26)/q))/(-2). What is the greatest common factor of c and 3?
3
Let y = -842 - -863. Suppose -20 = 3*v - 83. Calculate the highest common divisor of v and y.
21
Let v(w) = 5*w**3 - w**2 + w. Let x be v(1). Suppose 0 = -4*q + 5*q + 2*t - 19, 3*t = x*q - 82. Calculate the highest common factor of 68 and q.
17
Let c(j) = -2*j**2 + j + 6. Let i = 13 - 13. Let b be c(i). What is the highest common factor of 6 and b?
6
Suppose v - i + 4 = 0, 0 = -v + 2*v - 3*i + 12. Suppose -3*z + 9 - 6 = v. Let l be z*(0 - -43) - -1. Calculate the highest common factor of l and 66.
22
Let g = 366 - 171. What is the greatest common factor of g and 45?
15
Let z = -104 + 169. Let p be (-8)/(-16) + (-25)/(-2). Calculate the greatest common factor of z and p.
13
Let v = -407 + 241. Let h = 400 + v. What is the greatest common factor of h and 26?
26
Let w be 119 + 0/(7 + -5). Let m be (-10)/(-4) - 1/2. Let h be (-83)/(-5) - m/(-5). Calculate the highest common factor of w and h.
17
Let k be 